se
Is 47603 a prime number?
False
Is 410105 a composite number?
True
Is 115293 a composite number?
True
Is 428629 prime?
True
Is 689167 a composite number?
False
Is 308577 a composite number?
True
Is 28321 a prime number?
False
Is 45683 a composite number?
True
Is 7933 a prime number?
True
Is 112741 a composite number?
False
Is 2527459 a composite number?
True
Is 5077 prime?
True
Is 597997 a prime number?
True
Is 796061 prime?
False
Is 21874 prime?
False
Is 412937 a prime number?
False
Is 2705 composite?
True
Is 6287 a composite number?
False
Is 55949 composite?
False
Is 62571 composite?
True
Is 105697 prime?
False
Is 10581 composite?
True
Is 750494 prime?
False
Is 11677 prime?
True
Is 2733 composite?
True
Is 265241 prime?
True
Is 9566 a composite number?
True
Is 40643 prime?
False
Is 303737 composite?
True
Is 200771 a composite number?
False
Is 218642 composite?
True
Is 128633 a prime number?
False
Is 38593 a composite number?
False
Is 3983 prime?
False
Is 1543 a prime number?
True
Is 785 prime?
False
Is 105295 prime?
False
Is 1094399 prime?
False
Is 211 a composite number?
False
Is 57871 a composite number?
True
Is 7099 a prime number?
False
Is 2339 prime?
True
Is 121543 prime?
False
Is 5971 a prime number?
False
Is 2495621 a composite number?
False
Is 4637 prime?
True
Is 23659 prime?
False
Is 1754189 a composite number?
False
Is 27143 composite?
False
Is 111467 a prime number?
True
Is 198629 a prime number?
False
Is 16589 composite?
True
Is 719 prime?
True
Is 1612337 composite?
True
Is 850331 prime?
True
Is 11981 composite?
False
Is 20543 a prime number?
True
Is 57637 composite?
False
Is 87359 composite?
False
Is 975049 a prime number?
True
Is 3019 prime?
True
Is 153101 a prime number?
False
Is 510677 a prime number?
True
Is 2729 composite?
False
Is 143723 composite?
True
Is 31791 composite?
True
Is 13537 a composite number?
False
Is 54121 prime?
True
Is 59201 prime?
False
Is 9677 prime?
True
Is 376783 a prime number?
False
Is 2161 composite?
False
Is 43939 a prime number?
False
Is 886891 a prime number?
True
Is 23447 a prime number?
True
Is 67651 composite?
False
Is 9553 composite?
True
Is 82177 a composite number?
True
Is 22709 a prime number?
True
Is 44483 a composite number?
False
Is 2061935 composite?
True
Is 160051 composite?
True
Is 4735 a prime number?
False
Is 171991 prime?
False
Is 429263 prime?
False
Is 133067 prime?
False
Is 238627 a composite number?
False
Is 27407 a composite number?
False
Is 96047 a composite number?
True
Is 574157 prime?
True
Is 2949 a composite number?
True
Is 30619 composite?
True
Is 4481 prime?
True
Is 59951 prime?
True
Is 6289 composite?
True
Is 315589 prime?
True
Is 43541 a composite number?
False
Is 6773 prime?
False
Is 2649763 a prime number?
False
Is 28211 prime?
True
Is 4793081 composite?
True
Is 1673167 a prime number?
True
Is 1484729 a prime number?
False
Is 16143 a composite number?
True
Is 411 composite?
True
Is 317533 a prime number?
False
Is 98617 composite?
True
Is 147491 a prime number?
False
Is 887 a prime number?
True
Is 2513 composite?
True
Is 4126 prime?
False
Is 1117303 composite?
True
Is 223555 a prime number?
False
Is 196754 a composite number?
True
Is 223793 composite?
True
Is 11214871 a composite number?
False
Is 115541 prime?
False
Is 53035 a composite number?
True
Is 76771 prime?
True
Is 31829 a composite number?
True
Is 1837 a composite number?
True
Is 134207 a prime number?
True
Is 149579 prime?
True
Is 141445 a composite number?
True
Is 953 composite?
False
Is 21485 a prime number?
False
Is 4201 prime?
True
Is 111653 composite?
False
Is 52147 a prime number?
True
Is 126409 composite?
True
Is 3953 a composite number?
True
Is 19841 prime?
True
Is 124793 prime?
True
Is 553321 prime?
False
Is 16979 composite?
False
Is 85354 a composite number?
True
Is 32687 prime?
True
Is 7609 prime?
False
Is 223199 a composite number?
True
Is 752177 prime?
True
Is 492493 a prime number?
False
Is 174851 a prime number?
True
Is 109033 prime?
False
Is 1980723 a composite number?
True
Is 14251 a composite number?
False
Is 47 a composite number?
False
Is 39977 a prime number?
False
Is 14051 composite?
False
Is 180463 a composite number?
False
Is 921 composite?
True
Is 11981 a prime number?
True
Is 234413 prime?
False
Is 2302 prime?
False
Is 161 a prime number?
False
Is 15969 a composite number?
True
Is 191647 a prime number?
False
Is 398249 a prime number?
True
Is 12605 composite?
True
Is 163517 a composite number?
False
Is 1005881 composite?
True
Is 191 a prime number?
True
Is 2069 a prime number?
True
Is 2496149 a prime number?
False
Is 95311 composite?
False
Is 21631 prime?
False
Is 83837 composite?
True
Is 33185 a prime number?
False
Is 4987 a prime number?
True
Is 39017 a prime number?
False
Is 247511 prime?
False
Is 1397 a composite number?
True
Is 1102913 a prime number?
False
Is 222269 a prime number?
True
Is 56251 a prime number?
False
Is 16301 prime?
True
Is 518099 a prime number?
True
Is 47 a prime number?
True
Is 11797 a composite number?
True
Is 47703 a prime number?
False
Is 174821 a prime number?
True
Is 3115937 prime?
False
Is 5261 prime?
True
Is 7171 composite?
True
Is 1700797 prime?
False
Is 26099 a prime number?
True
Is 185567 composite?
False
Is 17471 composite?
False
Is 25243 prime?
True
Is 63901 composite?
False
Is 2647 prime?
True
Is 24877 composite?
False
Is 1247 prime?
False
Is 35353 composite?
False
Is 14371 composite?
True
Is 13589 a prime number?
False
Is 5567 a prime number?
False
Is 14473 a composite number?
True
Is 630271 a prime number?
False
Is 175681 a composite number?
True
Is 30079 composite?
True
Is 412279 a prime number?
False
Is 169427 prime?
True
Is 4394413 prime?
True
Is 419081 composite?
True
Is 55661 a prime number?
True
Is 4783 composite?
False
Is 1465099 composite?
True
Is 294659 a composite number?
False
Is 72019 composite?
False
Is 2157529 composite?
True
Is 27769 a composite number?
True
Is 575753 composite?
False
Is 1153519 composite?
True
Is 157777 a prime number?
False
Is 88373 prime?
False
Is 328399 a prime number?
False
Is 392803 a composite number?
False
Is 41863 a prime number?
True
Is 8039 a prime number?
True
Is 3937 a prime number?
False
Is 322933 prime?
False
Is 574979 composite?
True
Is 633 prime?
False
Is 68393 a prime number?
False
Is 1190209 a prime number?
False
Is 6313 a composite number?
True
Is 15541 a composite number?
False
Is 202309 composite?
False
Is 24169 a prime number?
True
Is 85991 a prime number?
True
Is 501089 a prime number?
True
Is 86381 a prime number?
True
Is 39089 a prime number?
True
Is 15727 a composite number?
False
Is 9115 a composite number?
True
Is 12631 prime?
False
Is 3037 a composite number?
False
Is 81409 a prime number?
True
Is 23221 prime?
False
Is 573 composite?
True
Is 1401385 a prime number?
False
Is 36739 prime?
True
Is 16879 a prime number?
True
Is 18329 a composite number?
False
Is 3797 a prime number?
True
Is 7451 a prime number?
True
Is 299309 composite?
True
Is 513833 prime?
False
Is 1116187 composite?
False
Is 193889 prime?
False
Is 85841 composite?
True
Is 285485 a prime number?
False
Is 13217 a prime number?
True
Is 56591 a composite number?
False
Is 302713 composite?
True
Is 1841 a prime number?
False
Is 141485 a composite number?
True
Is 404267 composite?
False
Is 10597 prime?
True
Is 52093 prime?
False
Is 94137 composite?
True
Is 1383301 composite?
False
Is 41417 composite?
True
Is 32602 composite?
True
Is 73121 a prime number?
True
Is 27239 prime?
True
Is 84869 a composite number?
False
Is 108413 prime?
True
Is 266077 composite?
True
Is 8261 prime?
False
Is 173249 a composite number?
False
Is 9491 a prime number?
True
Is 59467 composite?
False
Is 165611 a composite number?
False
Is 95701 a prime number?
True
Is 25819 a composite number?
False
Is 1117 composite?
False
Is 197195 a prime number?
False
Is 66733 a prime number?
True
Is 95987 composite?
False
Is 6711 prime?
False
Is 7501 a prime number?
False
Is 98837 composite?
False
Is 7417 prime?
True
Is 6979 a prime number?
False
Is 451 composite?
True
Is 9935 prime?
False
Is 17167 a prime number?
True
Is 97207 a prime number?
False
Is 4307 a prime number?
False
Is 12979 prime?
True
Is 11113 composite?
False
Is 43223 a composite number?
Fal